its digit of t?
8
Suppose 4*m = -3*g + 10981, 2755 = 3*m - g - 5471. What is the hundreds digit of m?
7
Suppose -n + 918 = 3*q, 2*q + 5*n - 910 = -285. What is the units digit of q?
5
Suppose 5*g = -0*g - 25, -4*g + 255 = -5*l. Let r be (-10)/l + 790/11. Suppose 0 = b + 3*b - r. What is the tens digit of b?
1
Let s(i) = -1. Let o(v) = -v**2 + 9*v + 17. Let b(d) = o(d) + 3*s(d). What is the units digit of b(10)?
4
Let v be 6/(-10)*(2 + -27). Suppose 4*u - 5 = v. Suppose -u = x - 24. What is the units digit of x?
9
Let z(m) = m**3 + 10*m**2 - 12*m + 6. Suppose -2*d = -3*d + 9. Let p be d/(27/(-42)) + 3. What is the units digit of z(p)?
7
Let t(x) = -x**3 - 25*x**2 - 13*x - 95. What is the units digit of t(-26)?
9
What is the units digit of (-6)/(-12) + ((-2930)/(-4) - 2)?
1
Let a = 4199 + -1810. What is the units digit of a?
9
Let q = -428 - -993. What is the hundreds digit of q?
5
Let b(p) = 4*p - 21. Let d be b(7). What is the units digit of (-1)/1*(d + -12)?
5
Suppose -393*j = -397*j + 6512. What is the tens digit of j?
2
Let h = -7 - 5. Let u be (-1)/2*(2 + h). Suppose m = 8 + u. What is the units digit of m?
3
Let m = -60 + 83. Suppose 3*w = 10 + 17. Let b = m + w. What is the units digit of b?
2
Suppose -27*g = i - 24*g - 2271, 5*i - 4*g - 11260 = 0. What is the units digit of i?
6
Suppose -2*k - 4 - 4 = -2*j, -4*j - 12 = 0. Suppose -5*f - 407 = 4*d, 4*d = -d - 2*f - 496. What is the units digit of ((-2)/k)/((-7)/d)?
4
Suppose -931 + 2884 = w + 5*h, 3932 = 2*w - 3*h. What is the thousands digit of w?
1
Let l be 4587/(-15) + (-3)/15. Let v = -210 - l. What is the units digit of v?
6
Let n(i) = 2*i**2 - 31*i + 33. What is the hundreds digit of n(37)?
6
Let a = -309 + 521. What is the tens digit of a?
1
Suppose -80 = 3*y - 4*m, -9 = y + 2*m + 11. Let f = y - -18. Let g(b) = -9*b + 8. What is the units digit of g(f)?
2
Let f(k) = 4*k + 5. Let l(c) = c + 1. Let i(x) = -2*f(x) + 10*l(x). Let u be i(2). Suppose u*t = 157 - 53. What is the tens digit of t?
2
Let h(r) be the second derivative of r**4/12 + 2*r**3/3 + 11*r**2/2 + 15*r. What is the units digit of h(-4)?
1
Suppose -3*r - 336 - 1562 = -2*t, r - 949 = -t. What is the hundreds digit of t?
9
Let p be ((-266)/1)/(-1) + 2. Suppose p + 272 = 5*r. Suppose 4*b - 60 = r. What is the units digit of b?
2
Suppose 3*t = 4 + 2. What is the units digit of (-11)/(-33)*84/t?
4
Let i = 1296 - -19. What is the tens digit of i?
1
Let c(p) = p**3 - 8*p**2 + 6*p + 11. Let a be c(7). Suppose -4*h + 73 = -l, 0 = -h + 2*h - a*l - 37. What is the units digit of h?
7
Let s(w) = 12*w**2 - 2*w - 2. Let x be s(-2). Suppose 5*f = 2*n + 136, 2*f - 3*n - 58 = -4*n. Let c = x - f. What is the tens digit of c?
2
What is the hundreds digit of -18 - (-600)/32 - (-2425)/4?
6
Let o(h) = h**2 + 18*h - 34. Let i = -47 + 24. What is the units digit of o(i)?
1
Let r(t) = -t**2 + 26*t + 7. Let u be r(17). Suppose 5*o = -5*d - 43 + 903, o = -5*d + u. What is the units digit of o?
5
Let o(i) = -1 - 2*i + 2*i**3 + 11*i**2 - i**3 - 9*i + 0*i. What is the tens digit of o(-10)?
0
Suppose 151 + 559 = l. What is the tens digit of l?
1
Let x = -85 + -89. Let k = -116 - x. What is the tens digit of k?
5
Let y = 33 + -27. Let v = 16 - y. What is the units digit of v?
0
Let s(x) = 2*x + 46. Let r be s(-22). Let q(k) = -k**3 + 5*k**2 + 4*k + 2. Let j be q(7). What is the tens digit of -3 + r*j/(-8)?
1
Let p = 253 - -379. What is the tens digit of p?
3
Let h = 69 - 64. Suppose 5*r - 3*w = 253, -2*w + 245 = h*r + 3*w. What is the tens digit of r?
5
Let f(c) = c - 11. Let m be f(7). Let b be m - -1 - (27 - 0). Let y = 89 + b. What is the tens digit of y?
5
Suppose -4*b = -4*q + 8, 4*q + 4*b = -b + 26. Let s be (4 - q)/(-2 + 5). Suppose -m + 57 - 7 = s. What is the tens digit of m?
5
Let j = 103 + 453. Suppose w - j = 3*r - 7*r, 126 = r - 3*w. What is the units digit of r?
8
Let p be (-101)/(-2) - (-3)/6. Suppose 6*v - 35 = 3*s + 5*v, 0 = -4*s + v - 48. Let i = s + p. What is the units digit of i?
8
What is the units digit of 34812/60 - 3/(-45)*-3?
0
Suppose 4*h - 20 = -0*w + 4*w, 5*w + 4*h - 2 = 0. Let u be 186/(-45) - w/15. What is the units digit of ((-2)/u)/1*106?
3
Let k = 151 + -79. Suppose t + 73 = 5*t - 5*g, -2*g + k = 3*t. What is the units digit of t?
2
Let u = -1058 - -2157. Suppose -2*a + 450 = 3*m, 0*a - 5*a = m - u. What is the hundreds digit of a?
2
Let h be (-130)/(-39) + 3/(-9). Suppose -3*o + c = -0*o - 40, -2*c + 55 = h*o. What is the units digit of o?
5
What is the tens digit of 12*(-5)/(-15) - -1935?
3
Let v(f) = f**3 - 9*f**2 - 2*f - 3. Let t be v(6). Let b = t - -174. Suppose -4*i = -9 - b. What is the units digit of i?
5
Let w(k) = k**2 - 7*k - 19. Let j be w(10). Suppose j*r + 78 = 947. What is the tens digit of r?
7
Let c(z) = 2*z**2 + 6*z + 4. Let h be c(-5). Let w = 3 - h. What is the units digit of 4/(-3)*w/14?
2
What is the units digit of (-16959230)/(-3288) + (-1)/(-12)?
8
Suppose -9041 - 32395 = -12*w. What is the tens digit of w?
5
Let x(b) = 2*b + 3. Let g be 3/((-4)/(-16)*-3). Let d = 9 + g. What is the units digit of x(d)?
3
What is the units digit of 9486/10 - (-45)/(-75)?
8
Let f(w) = -w**3 - 5*w**2 + 2. Let i be f(-5). Let q be (-10)/15*(-27)/i. Suppose 13*n - 8 = q*n. What is the units digit of n?
2
Let q(k) = -2*k**3 - 4*k**2 + 5*k + 7. Let h be (-15)/(-9) - 8/(-24). Suppose 2*j + h = 0, -3*t = 3*j - 5*j + 10. What is the units digit of q(t)?
1
Let j = 295 - -531. What is the units digit of j?
6
Suppose 3*z + 201 = 2*q, 0 = -3*q - 3*z + 375 - 81. What is the units digit of q?
9
Let n(z) = -z**3 - z**2 + z. Let i be n(-2). Suppose 0*y = i*r + y - 12, 4 = 4*r - 3*y. Suppose -4*k = -m + 2, 2 = r*m + k - 6. What is the units digit of m?
2
Let x be (-3)/1*784/(-12). Let j = x - 109. What is the units digit of j?
7
Suppose -4*j + 15 = -1. Suppose -j*s + 45 = s - 2*a, -s = 4*a - 9. What is the units digit of s?
9
Let j(a) = -a - 5. Let g be j(-7). Suppose -4*f - 42 = -3*s, -s + 38 = -3*f - g*s. What is the units digit of (-604)/(-24) - (-2)/f?
5
Let l(k) = -68*k - 8. What is the hundreds digit of l(-5)?
3
What is the thousands digit of (-1 - 30/(-9))/(17/21726)?
2
Let l(s) = -9*s - 6. Let a(q) = -8*q - 6. Let k(o) = -6*a(o) + 5*l(o). Let y be k(-6). What is the units digit of (20/y)/5*-6?
2
Let l be 7*-1 + 2 + -1. Let v(s) = -5*s - 4. Let u(a) = 8*a + 8. Let t(f) = 6*u(f) + 10*v(f). What is the units digit of t(l)?
0
Let y(l) = -5*l**3 - l**2 + 1. Let k be y(-1). Suppose -46 + 6 = -k*p. What is the units digit of p?
8
Let k(t) = 10*t**3 + 178*t**3 - 9*t**3 + 1 + 12*t**3. What is the units digit of k(1)?
2
Let p(h) = -h**3 + 6*h**2 - 7*h + 6. Let u be p(5). What is the tens digit of 183 - u/(0 - 4)?
8
Suppose -g - 5*d + 9 = 0, 0 = -g - 0*d + d + 3. Suppose 387 = g*u - 273. What is the tens digit of u?
6
Let c = 332 + 22. What is the hundreds digit of c?
3
Let z(b) = 16*b - 4. Let f be ((-8)/(-6))/((-4)/(-12)). Let u be z(f). Suppose v = -v + u. What is the units digit of v?
0
Let t = -30 - -29. Let c(k) = -15*k - 1. What is the tens digit of c(t)?
1
Suppose -3*t - 395 - 133 = 5*c, -5*t + 3*c - 880 = 0. Let i = t - -296. What is the units digit of i?
0
Let d(q) = 5*q**2 + 2*q + 7. Let m be 72/60*10/(-4). What is the units digit of d(m)?
6
What is the tens digit of (-11218)/(-8) + 1 - (-14)/(-56)?
0
Suppose -l = 2*d + 3*d - 140, -l = d - 32. Suppose 2*r - d = 41. What is the units digit of r?
4
Suppose 28 = -26*k + 28*k. Suppose 5*s + 5*m + 45 = -0*s, 5*m + 25 = 0. Let x = k + s. What is the tens digit of x?
1
Let w = -9 - -9. Let x = w - -2. Suppose -3*h + x*h + 19 = 0. What is the units digit of h?
9
What is the hundreds digit of (4 - (-570)/(-9))/(1/(-9))?
5
Let g be 7 + (-12)/9*-3. Suppose -2*q + g = -1. What is the units digit of q?
6
Let c(s) = -498*s + 78. What is the hundreds digit of c(-2)?
0
Let s = 421 - 136. What is the tens digit of s?
8
Let l be (-72)/(-42)*14/4. Suppose 0 = -4*n + l + 90. Let t = n + -13. What is the tens digit of t?
1
Let c = 63 + -63. Suppose c*p - 1002 = -6*p. What is the units digit of p?
7
Let x(p) be the third derivative of p**4/24 + 46*p**3/3 - 20*p**2. What is the units digit of x(0)?
2
Let q = 287 + -141. Suppose 2*o = 5*c - o - q, -4*c + 127 = o. Let f = 44 - c. What is